4.
112231301
-317652 (base 8) to base 11
-72a47
-100011111010110010000 (base 2) to base 14
-228cda
What is -35717a (base 13) in base 5?
-311203313
-d4c5 (base 16) to base 14
-15bc9
Convert -14753ab (base 15) to base 3.
-1000211221001222
442210423 (base 5) to base 11
1097498
What is -51145264 (base 8) in base 3?
-202022200112110
-10011110111001110 (base 2) to base 9
-133537
-291632 (base 11) to base 6
-13434535
Convert 47a495 (base 11) to base 6.
24145125
What is -1b801a (base 14) in base 9?
-1756508
Convert -4040050 (base 8) to base 16.
-104028
-111101001100010011 (base 2) to base 16
-3d313
What is 22131043 (base 5) in base 11?
121815
1047046 (base 9) to base 4
2021122032
-25971 (base 10) to base 2
-110010101110011
-ab729 (base 16) to base 9
-1280266
Convert -1013583 (base 10) to base 9.
-1814333
2230312 (base 5) to base 6
502401
What is 1706553 (base 9) in base 15?
13b576
-205535 (base 9) to base 16
-1dd44
What is 873826 (base 10) in base 16?
d5562
Convert 11010001101011100011 (base 2) to base 4.
3101223203
Convert 2730574 (base 11) to base 8.
21771120
14132211 (base 5) to base 10
145931
Convert 4141400 (base 5) to base 9.
113674
Convert -101010100110011101001 (base 2) to base 6.
-45530413
43ba7 (base 13) to base 14
32a99
What is 2131420 (base 6) in base 2?
11001101110000100
What is -530324 (base 7) in base 4?
-112110023
What is 1040034342 (base 5) in base 11?
130a067
Convert 1344102 (base 7) to base 10.
179097
Convert 301552230 (base 6) to base 9.
10580840
Convert -703657 (base 11) to base 2.
-100010100011001101010
What is -1130033123 (base 4) in base 7?
-3132341
What is -3a771 (base 16) in base 6?
-5044401
-75d9d (base 14) to base 6
-10040531
What is -2706580 (base 9) in base 2?
-101101001100101110100
What is 4402223 (base 8) in base 12?
48b417
What is -423121 (base 5) in base 8?
-33521
What is -5a595 (base 13) in base 5?
-20300432
3300304323 (base 5) to base 7
113564214
Convert -1162868 (base 9) to base 13.
-1918a3
What is 11110101001111000001010 (base 2) in base 12?
2836462
Convert 1327203 (base 13) to base 12.
2020076
What is 2575565 (base 9) in base 13?
3a3c43
10c246 (base 15) to base 4
3003122013
-4606636 (base 7) to base 6
-20144321
Convert 23234431 (base 5) to base 11.
1351a6
110212020 (base 4) to base 6
1450320
What is -110001011101011 (base 2) in base 10?
-25323
Convert -272bbb (base 16) to base 13.
-6bb5c2
Convert 54a520 (base 15) to base 12.
14267a0
Convert 1001110001101111100 (base 2) to base 5.
40223010
1447b13 (base 12) to base 8
17434577
-31aa55 (base 11) to base 15
-a1c34
340709 (base 15) to base 4
21132000201
-23a631 (base 12) to base 10
-578053
-5173 (base 12) to base 15
-2966
What is -111001111111110110111111 (base 2) in base 5?
-12343010100
102020211002102 (base 3) to base 16
5b3f94
What is -352228 (base 9) in base 13?
-7540a
What is -1280a88 (base 11) in base 6?
-115225105
Convert 665334 (base 9) to base 16.
6110b
-2092380 (base 10) to base 4
-13332311130
What is -222232020 (base 4) in base 10?
-174984
What is -34300222 (base 6) in base 3?
-1222100010012
Convert 743373 (base 11) to base 3.
2020110212022
Convert 3245115 (base 6) to base 3.
22012222202
Convert 31330 (base 11) to base 2.
1011001001010010
Convert 33076 (base 12) to base 2.
10000011110011010
Convert 794384 (base 10) to base 11.
4a2918
What is -1a9284 (base 14) in base 10?
-947188
2162870 (base 12) to base 9
12847383
Convert 554524 (base 7) to base 6.
2032111
Convert 13031113 (base 4) to base 15.
8b37
Convert -42a974 (base 11) to base 6.
-22425010
744657 (base 8) to base 7
2052505
Convert -12231652 (base 7) to base 11.
-691772
4606530 (base 7) to base 15
b500c
What is -1a3b519 (base 12) in base 5?
-2410300021
-8109005 (base 10) to base 15
-aa2a05
337554 (base 10) to base 15
6a039
Convert 25030 (base 10) to base 2.
110000111000110
What is 104030502 (base 6) in base 15?
26e275
855a (base 16) to base 3
1201211101
45a300 (base 11) to base 9
1333763
Convert 6c859 (base 13) to base 5.
22333111
Convert -1011120122102210 (base 3) to base 9.
-34518383
Convert 1010132130 (base 4) to base 14.
74300
a667c (base 16) to base 15
d6e4b
Convert -21177843 (base 9) to base 14.
-14da253
Convert -479730 (base 10) to base 14.
-c6b86
What is -430654 (base 7) in base 8?
-222014
Convert 61ab4a (base 12) to base 5.
343021100
-12421411 (base 5) to base 6
-2351032
Convert 142234321 (base 5) to base 11.
468323
-8de35b (base 16) to base 15
-c3a2d9
What is 15354025 (base 6) in base 10?
543905
What is 4347a (base 15) in base 12?
a3774
-51781 (base 11) to base 6
-1341224
2002102101020 (base 3) to base 13
2cb635
What is -220535 (base 13) in base 7?
-6543050
-194331 (base 14) to base 12
-37205b
What is 3b172 (base 13) in base 11?
75802
What is 45011502 (base 7) in base 4?
32310211200
-701430 (base 8) to base 10
-230168
Convert 1454232 (base 6) to base 16.
14ccc
What is 247763 (base 10) in base 14?
66415
Convert 76b47 (base 12) to base 5.
20012114
What is 140165 (base 9) in base 6?
1455305
Convert -1001000100220 (base 3) to base 12.
-227113
Convert 3134224 (base 6) to base 9.
252267
612730 (base 14) to base 8
14367106
Convert 11022011321 (base 4) to base 2.
101001010000101111001
Convert 10021220 (base 5) to base 15.
18890
-22324161 (base 8) to base 9
-10066660
What is 100102122 (base 6) in base 7?
20226626
Convert 2413411131 (base 5) to base 2.
10101011000111010000001
What is a591a (base 11) in base 12?
7527b
Convert 53006 (base 11) to base 12.
38818
Convert -325d6 (base 14) to base 3.
-20012012222
Convert -10010110111110111011 (base 2) to base 12.
-259a77
-70036 (base 11) to base 10
-102526
Convert -13b372 (base 14) to base 8.
-2467650
Convert -20122012110 (base 3) to base 13.
-47601
Convert 234099 (base 13) to base 12.
344593
Convert 9a55 (base 13) to base 14.
7bc1
Convert 10353 (base 7) to base 4.
220122
156441 (base 7) to base 2
111100101110111
What is -281406 (base 11) in base 6?
-13241523
Convert -1652cb (base 13) to base 8.
-2072245
Convert -10111101001110000111 (base 2) to base 12.
-314633
Convert -1011100001000100100 (base 2) to base 4.
-1130020210
683b68 (base 13) to base 10
2464782
What is -1131030313 (base 4) in base 7?
-3146656
-3e1661 (base 15) to base 4
-23122121023
What is 3083937 (base 10) in base 15?
40db5c
-12012102222 (base 3) to base 8
-307757
Convert -1221021122 (base 3) to base 14.
-dc66
-10e47 (base 15) to base 14
-1589c
-822780 (base 10) to base 16
-c8dfc
What is -1424325 (base 6) in base 9?
-133518
What is 17233195 (base 10) in base 4?
1001233110223
What is 3002222331 (base 4) in base 7?
6530463
What is 210331012 (base 4) in base 2?
100100111101000110
-58606 (base 9) to base 2
-1001100011011001
Convert 510651 (base 7) to base 5.
10234031
What is -22102102102101 (base 3) in base 4?
-101010313033
Convert -110101100111011000 (base 2) to base 6.
-4412412
1170505 (base 8) to base 3
121110022122
Convert -112060 (base 14) to base 5.
-122104222
Convert 28765 (base 14) to base 10.
100245
-1358a (base 11) to base 5
-1104322
Convert -102323313131 (base 4) to base 7.
-60122510
Convert 112233102 (base 4) to base 2.
10110101111010010
Convert -106177 (base 8) to base 10.
-35967
Convert 221222112021 (base 3) to base 2.
1111100110110110110
What is -4441440 (base 5) in base 6?
-1355533
What is -303454 (base 6) in base 4?
-11321122
Convert 21c84 (base 14) to base 7.
461124
Convert 2043421003 (base 5) to base 15.
598003
What is 222210122211 (base 3) in base 8?
2006274
What is 1690981 (base 11) in base 9?
5355013
Convert 55242103 (base 6) to base 5.
410413132
-1323233212 (base 4) to base 7
-4210465
Convert -23a87 (base 15) to base 11.
-78511
What is 11436641 (base 8) in base 3?
11201022210012
Convert -10002110210122 (base 3) to base 12.
-6729a5
Convert -6478746 (base 9) to base 2.
-1101010000111011011010
111011001101111 (base 2) to base 10
30319
-21120020101 (base 3) to base 12
-721b4
Convert -1385aa (base 11) to base 3.
-101222202212
Convert -4355b0 (base 12) to base 9.
-2005616
Convert -3340111321 (base 5) to base 9.
-14738143
1101000011000111000 (base 2) to base 6
13055304
-5068267 (base 9) to base 11
-1586583
Convert 1332151 (base 9) to base 6.
23350544
Convert -21424523 (base 6) to base 11.
-3a8895
What is 64340 (base 8) in base 11?
19198
Convert 272540 (base 8) to base 7.
545446